{"id":104,"date":"2026-04-02T09:24:42","date_gmt":"2026-04-02T09:24:42","guid":{"rendered":"https:\/\/www.posiopaivat.fi\/index.php\/home\/"},"modified":"2026-04-02T10:27:43","modified_gmt":"2026-04-02T10:27:43","slug":"home","status":"publish","type":"page","link":"https:\/\/www.posiopaivat.fi\/","title":{"rendered":"Home"},"content":{"rendered":"\n<div class=\"wp-block-cover alignfull is-light hestia-clear-top-padding\"><span aria-hidden=\"true\" class=\"wp-block-cover__background has-white-background-color has-background-dim-100 has-background-dim\"><\/span><div class=\"wp-block-cover__inner-container is-layout-flow wp-block-cover-is-layout-flow\">\n<h2 class=\"wp-block-heading has-text-align-center has-text-color\" style=\"color:#3c4858\">Mik\u00e4 ihmeen PoSIO-p\u00e4iv\u00e4t?<\/h2>\n\n\n\n<div style=\"height:40px\" aria-hidden=\"true\" class=\"wp-block-spacer\"><\/div>\n\n\n\n<div class=\"wp-block-columns container is-layout-flex wp-container-core-columns-is-layout-28f84493 wp-block-columns-is-layout-flex\">\n<div class=\"wp-block-column is-layout-flow wp-block-column-is-layout-flow\"><div class=\"wp-block-image\">\n<figure class=\"aligncenter size-large\"><img loading=\"lazy\" decoding=\"async\" width=\"1024\" height=\"1024\" src=\"http:\/\/www.posiopaivat.fi\/wp-content\/uploads\/2026\/04\/sponsorPics02-1024x1024.png\" alt=\"\" class=\"wp-image-109\" srcset=\"https:\/\/www.posiopaivat.fi\/wp-content\/uploads\/2026\/04\/sponsorPics02-1024x1024.png 1024w, https:\/\/www.posiopaivat.fi\/wp-content\/uploads\/2026\/04\/sponsorPics02-300x300.png 300w, https:\/\/www.posiopaivat.fi\/wp-content\/uploads\/2026\/04\/sponsorPics02-150x150.png 150w, https:\/\/www.posiopaivat.fi\/wp-content\/uploads\/2026\/04\/sponsorPics02-768x768.png 768w, https:\/\/www.posiopaivat.fi\/wp-content\/uploads\/2026\/04\/sponsorPics02-1536x1536.png 1536w, https:\/\/www.posiopaivat.fi\/wp-content\/uploads\/2026\/04\/sponsorPics02-2048x2048.png 2048w\" sizes=\"auto, (max-width: 1024px) 100vw, 1024px\" \/><\/figure><\/div>\n\n\n<h5 class=\"wp-block-heading has-text-align-center has-text-color\" style=\"color:#3c4858;font-size:18px\">Mit\u00e4?<\/h5>\n\n\n\n<p class=\"has-text-align-center has-text-color\" style=\"color:#999999;font-size:14px\">PoSIO-p\u00e4iv\u00e4t eli Pohjois-Suomen Insin\u00f6\u00f6riopiskelijap\u00e4iv\u00e4t on rastitapahtuma, joka kiert\u00e4\u00e4 Pohjoisen paikallisyhdistyksi\u00e4. Tapahtumaan kuuluu aloitustapahtuma, rastikierros sek\u00e4 jatkot.<\/p>\n\n\n\n<div style=\"height:25px\" aria-hidden=\"true\" class=\"wp-block-spacer\"><\/div>\n<\/div>\n\n\n\n<div class=\"wp-block-column is-layout-flow wp-block-column-is-layout-flow\"><div class=\"wp-block-image\">\n<figure class=\"aligncenter size-full\"><img loading=\"lazy\" decoding=\"async\" width=\"508\" height=\"508\" src=\"http:\/\/www.posiopaivat.fi\/wp-content\/uploads\/2026\/04\/Screenshot-2026-04-02-at-13-01-25-Facebook.png\" alt=\"\" class=\"wp-image-115\" srcset=\"https:\/\/www.posiopaivat.fi\/wp-content\/uploads\/2026\/04\/Screenshot-2026-04-02-at-13-01-25-Facebook.png 508w, https:\/\/www.posiopaivat.fi\/wp-content\/uploads\/2026\/04\/Screenshot-2026-04-02-at-13-01-25-Facebook-300x300.png 300w, https:\/\/www.posiopaivat.fi\/wp-content\/uploads\/2026\/04\/Screenshot-2026-04-02-at-13-01-25-Facebook-150x150.png 150w\" sizes=\"auto, (max-width: 508px) 100vw, 508px\" \/><\/figure><\/div>\n\n\n<h5 class=\"wp-block-heading has-text-align-center has-text-color\" style=\"color:#3c4858;font-size:18px\">Miss\u00e4?<\/h5>\n\n\n\n<p class=\"has-text-align-center has-text-color\" style=\"color:#999999;font-size:14px\">PoSIO-p\u00e4iv\u00e4t j\u00e4rjestet\u00e4\u00e4n t\u00e4n\u00e4 vuonna Kajaanissa.<\/p>\n\n\n\n<div style=\"height:25px\" aria-hidden=\"true\" class=\"wp-block-spacer\"><\/div>\n<\/div>\n\n\n\n<div class=\"wp-block-column is-layout-flow wp-block-column-is-layout-flow\"><div class=\"wp-block-image\">\n<figure class=\"aligncenter size-large\"><img loading=\"lazy\" decoding=\"async\" width=\"1024\" height=\"1024\" src=\"http:\/\/www.posiopaivat.fi\/wp-content\/uploads\/2026\/04\/sponsorPics01-1024x1024.png\" alt=\"\" class=\"wp-image-107\" srcset=\"https:\/\/www.posiopaivat.fi\/wp-content\/uploads\/2026\/04\/sponsorPics01-1024x1024.png 1024w, https:\/\/www.posiopaivat.fi\/wp-content\/uploads\/2026\/04\/sponsorPics01-300x300.png 300w, https:\/\/www.posiopaivat.fi\/wp-content\/uploads\/2026\/04\/sponsorPics01-150x150.png 150w, https:\/\/www.posiopaivat.fi\/wp-content\/uploads\/2026\/04\/sponsorPics01-768x768.png 768w, https:\/\/www.posiopaivat.fi\/wp-content\/uploads\/2026\/04\/sponsorPics01-1536x1536.png 1536w, https:\/\/www.posiopaivat.fi\/wp-content\/uploads\/2026\/04\/sponsorPics01-2048x2048.png 2048w\" sizes=\"auto, (max-width: 1024px) 100vw, 1024px\" \/><\/figure><\/div>\n\n\n<h5 class=\"wp-block-heading has-text-align-center has-text-color\" style=\"color:#3c4858;font-size:18px\">Milloin?<\/h5>\n\n\n\n<p class=\"has-text-align-center has-text-color\" style=\"color:#999999;font-size:14px\">10.10.2026<\/p>\n\n\n\n<div style=\"height:25px\" aria-hidden=\"true\" class=\"wp-block-spacer\"><\/div>\n<\/div>\n<\/div>\n\n\n\n<div style=\"height:40px\" aria-hidden=\"true\" class=\"wp-block-spacer\"><\/div>\n<\/div><\/div>\n\n\n\n<div class=\"wp-block-columns container is-layout-flex wp-container-core-columns-is-layout-28f84493 wp-block-columns-is-layout-flex\">\n<div class=\"wp-block-column col-md-5 is-layout-flow wp-block-column-is-layout-flow\">\n<div style=\"height:55px\" aria-hidden=\"true\" class=\"wp-block-spacer\"><\/div>\n\n\n\n<h2 class=\"wp-block-heading\">Rastikierros<\/h2>\n\n\n\n<p>Ker\u00e4\u00e4 itsellesi 3-6 hengen joukkue ja l\u00e4hde kilpailemaan.<br>Rastikierros kest\u00e4\u00e4 tyypillisesti noin 3\u20136 tuntia, ja sen aikana joukkueet kiert\u00e4v\u00e4t eri rasteja suorittaen hauskoja ja luovia teht\u00e4vi\u00e4.<\/p>\n<\/div>\n\n\n\n<div class=\"wp-block-column col-md-5 is-layout-flow wp-block-column-is-layout-flow\">\n<div style=\"height:55px\" aria-hidden=\"true\" class=\"wp-block-spacer\"><\/div>\n\n\n\n<h2 class=\"wp-block-heading\">Jatkot<\/h2>\n\n\n\n<p><\/p>\n<\/div>\n<\/div>\n\n\n\n<p><\/p>\n","protected":false},"excerpt":{"rendered":"<p>Rastikierros Ker\u00e4\u00e4 itsellesi 3-6 hengen joukkue ja l\u00e4hde kilpailemaan.Rastikierros kest\u00e4\u00e4 tyypillisesti noin 3\u20136 tuntia, ja sen aikana joukkueet kiert\u00e4v\u00e4t eri rasteja suorittaen hauskoja ja luovia teht\u00e4vi\u00e4. Jatkot<\/p>\n","protected":false},"author":3,"featured_media":107,"parent":0,"menu_order":0,"comment_status":"closed","ping_status":"closed","template":"","meta":{"_themeisle_gutenberg_block_has_review":false,"footnotes":""},"class_list":["post-104","page","type-page","status-publish","has-post-thumbnail","hentry"],"_links":{"self":[{"href":"https:\/\/www.posiopaivat.fi\/index.php\/wp-json\/wp\/v2\/pages\/104","targetHints":{"allow":["GET"]}}],"collection":[{"href":"https:\/\/www.posiopaivat.fi\/index.php\/wp-json\/wp\/v2\/pages"}],"about":[{"href":"https:\/\/www.posiopaivat.fi\/index.php\/wp-json\/wp\/v2\/types\/page"}],"author":[{"embeddable":true,"href":"https:\/\/www.posiopaivat.fi\/index.php\/wp-json\/wp\/v2\/users\/3"}],"replies":[{"embeddable":true,"href":"https:\/\/www.posiopaivat.fi\/index.php\/wp-json\/wp\/v2\/comments?post=104"}],"version-history":[{"count":4,"href":"https:\/\/www.posiopaivat.fi\/index.php\/wp-json\/wp\/v2\/pages\/104\/revisions"}],"predecessor-version":[{"id":120,"href":"https:\/\/www.posiopaivat.fi\/index.php\/wp-json\/wp\/v2\/pages\/104\/revisions\/120"}],"wp:featuredmedia":[{"embeddable":true,"href":"https:\/\/www.posiopaivat.fi\/index.php\/wp-json\/wp\/v2\/media\/107"}],"wp:attachment":[{"href":"https:\/\/www.posiopaivat.fi\/index.php\/wp-json\/wp\/v2\/media?parent=104"}],"curies":[{"name":"wp","href":"https:\/\/api.w.org\/{rel}","templated":true}]}}